d derivative of f**6/120 + f**5/20 + f**4/24 - f**3/6 + f**2. Suppose g = 4*p - 8, p + 15 = -g - 3*g. Let i be -2*p/2 + -1. What is k(i)?
1
Suppose 0 = 4*o - 2*t + 5*t + 17, t - 5 = 4*o. Let h(c) = c + 2. Give h(o).
0
Let z(i) be the first derivative of 3*i**2 - 3. Suppose -3*v + 0*p = -4*p - 3, 2*p = 4*v - 14. Suppose 3*w + 11 = -0*w + 2*a, 3*w = -2*a + v. What is z(w)?
-6
Let f(i) be the second derivative of i**3/6 + i**2/2 - i - 3. Suppose 2 + 1 = -3*c. Let w be -1 - 1 - (1 - c). What is f(w)?
-3
Suppose 9 = 2*p + a, -5*a = -0*a - 25. Let d(t) = 3*t**2 - t**p - 1 - 3*t - t**2. Suppose 27 = 4*s + 5*h, 0 = 3*s + 6*h - h - 24. Calculate d(s).
-1
Let g(c) = 2*c**2 - 3 + 5 + 1 - 6*c + 8*c. Calculate g(-2).
7
Let v(x) be the first derivative of x**5/60 - x**4/6 + 5*x**3/3 - 4. Let d(g) be the third derivative of v(g). Calculate d(6).
8
Let f(d) = -2*d**2. Let v be 2/((0 - 3) + 1). Let r = -2 - v. Determine f(r).
-2
Let h = 1 + 2. Suppose 3*g = h*p - 18, 2*p - p = -2*g - 3. Let a(n) = 2*n + 3 - 5 + 2 - 2. Determine a(p).
4
Let l(n) be the second derivative of n**5/20 + n**4/2 + 5*n**3/6 - n**2 - 4*n. Calculate l(-5).
-2
Let z be (-4)/(-6)*3/2. Let q(g) be the second derivative of 1/3*g**3 + 0 - 1/2*g**2 - 2*g. What is q(z)?
1
Let f(o) be the first derivative of -3 - 3*o + 1/2*o**2. Give f(-3).
-6
Suppose 5*w = 3*p + 7 + 8, -4*w + 2*p = -10. Let a(v) be the second derivative of -v**5/20 - v**4/12 + v**3/6 - 2*v**2 - 5*v. What is a(w)?
-4
Suppose 5*n - 10 = -0*n. Let s(d) = d**3 + d**2 + d + 2. Let w(l) = l**3 + l + 1. Let o(m) = s(m) - 2*w(m). What is o(n)?
-6
Let n(z) be the first derivative of -1/4*z**4 - 1 + 5/3*z**3 + 3*z - 3/2*z**2. Let d(f) = f**2 + f - 2. Let q be d(2). Calculate n(q).
7
Let u(t) be the second derivative of t**4/12 - t**3/6 - t**2/2 + t. Let x be u(-1). Let h(l) = -5*l**2 + 2 - 3 + 2*l**2. Give h(x).
-4
Let g(k) = 4*k + 1. Let y(b) = -b - 1. Let u be (2/5)/(6/30). Let a(m) = u*y(m) + g(m). Let s = -9 - -13. What is a(s)?
7
Suppose 2*z - z = 2. Let l(d) = -5*d**2 + 2*d**3 - z*d**3 - 4 - 6*d - d**3. Let q be 2 - (5 + -2) - 3. Determine l(q).
4
Let b(q) = 1 - 5*q**2 + 6*q - 5*q - q**2. Let o = -26 - -25. What is b(o)?
-6
Let m(h) = 2*h**2 + 11*h - 8. Let i(l) = -l**2 - l + 1. Let o(q) = -5*i(q) - m(q). Let j(d) = 7*d**2 - 12*d + 5. Let b(k) = 2*j(k) - 5*o(k). Give b(6).
-5
Let a(q) = -q**2 - 5*q + 5. Let o = 7 - 3. Suppose -8*v = -3*v - 2*z - 32, -5*z = 3*v - 13. Suppose o*m - 10 = v*m. Determine a(m).
5
Let y(z) = z**2 - 3*z. Let r(g) = g + 5. Let q be r(0). Suppose 5*t = -2*o, 0*t + 5*t = -q*o + 15. Let p be ((-4)/2)/(t/4). What is y(p)?
4
Let m(s) be the second derivative of 5*s**3/6 - 5*s**2/2 - 10*s. Calculate m(4).
15
Let i(h) = 1 + 5*h + 3*h**2 + 0*h - 6*h. What is i(-2)?
15
Let l(v) = 14*v**2 - 18*v - 24. Let r(u) = -5*u**2 + 6*u + 8. Let s(w) = 4*l(w) + 11*r(w). What is s(6)?
-8
Let l(b) = -b - b - 4*b - 5*b**2 - 6 + 4*b**2. What is l(-4)?
2
Let g(p) = -p**3 + p**2 + p + 1. Let x be g(-1). Let s be (-21)/2 + x/4. Let i = 7 + s. Let k(o) = 3*o + 3. Give k(i).
-6
Let q be 1/(100/(-24) + 4). Let x(p) = 2*p. Let v(i) = -i. Let b(c) = -v(c) - x(c). What is b(q)?
6
Suppose -11 + 1 = -2*r. Let t(s) = r*s + 3*s**3 + 40 - 2*s**3 - 37 + 5*s**2. What is t(-4)?
-1
Suppose -5*o = -4*m - 20, -8 = -8*m + 3*m - 2*o. Let a(x) = 7*x**2 + m*x**2 + 6*x + 5 - x**2 + x**3. Suppose 0*n - 25 = 5*n. Determine a(n).
0
Let o(z) = 417 - 2*z + 0*z - 416. What is o(1)?
-1
Let z(g) be the third derivative of g**5/30 + g**4/12 - g**3/2 - 3*g**2. Give z(2).
9
Suppose 7*z - 2*z = y - 10, 5*z = -y. Let v(u) = 7*u**2 - 7*u + 2. Let c(n) = -12*n**2 + 13*n - 3. Let r(b) = -3*c(b) - 5*v(b). What is r(y)?
4
Let t = -7 + 3. Let k(v) = 2*v**2 + v - 96 + v**3 + 3*v**2 + 91. What is k(t)?
7
Let q be -3 + 2 + 2 - -2. Let a = 1 + 1. Let m(z) = 0 + 4 + z**q + 8*z + 6*z**a - z. What is m(-5)?
-6
Suppose 0*z + 10 = 5*z. Let p be 2 + -2 - (z + -1). Let b = -1 + p. Let h(s) = -s**3 - s**2 + 2*s + 2. Calculate h(b).
2
Let g be -4 + -2*(-4)/(-8). Let i(k) = -k - 5. Calculate i(g).
0
Let d(z) = z - 1. Let w = -6 - 0. Let x(r) = -r**2 - 6*r + 2. Let f be x(w). Determine d(f).
1
Suppose 6 + 8 = -4*u + g, -3*u = 2*g + 5. Let o(j) be the third derivative of -1/60*j**5 - 5/24*j**4 + 0 - 2/3*j**3 + 0*j + 2*j**2. Give o(u).
2
Let j(d) be the second derivative of d**6/120 - d**4/24 + d**3/3 - 3*d**2/2 + 2*d. Let s(h) be the first derivative of j(h). Calculate s(2).
8
Let w(h) = -7*h + 1. Let t be w(-1). Let y(l) = l**2 + 3*l + 2. Let v be y(-1). Let r(i) = 0 + 2 + v*i + t*i - 1. Give r(1).
9
Let x(v) = v - 2. Suppose -2*t = 3*t. Determine x(t).
-2
Suppose 0*i - 98 = 14*i. Let u(q) = 2*q - 3. Give u(i).
-17
Let a = 8 - 5. Let f(x) = 2*x**2 - 5*x + 3. Give f(a).
6
Let w(d) = -d**3 + 6*d**2 - 4*d - 5. Let v be w(5). Suppose -1 - 5 = 3*g. Let l be g - (-1 + v)*0. Let c(p) = p**3 + 3*p**2 - 2*p - 3. Calculate c(l).
5
Let o(g) be the first derivative of g**3/2 + 5*g**2/2 - g - 1. Let x(h) be the first derivative of o(h). Let u be 30/(-7) - 16/(-56). Calculate x(u).
-7
Suppose 25 = 3*a + 2*a. Suppose 2*o = -3*t + 11, a*o + 55 = 5*t + 20. Let s = 8 - t. Let y(j) = j**2 - 4*j. Determine y(s).
-3
Let w(u) = -u**3 + 4*u**2 + 5*u + 5. Suppose 2*t - t = 5. Calculate w(t).
5
Let x(h) = 2*h**2 + 9 - 6 + 0 - 3*h**3 - 3*h. Give x(2).
-19
Let l(b) be the second derivative of -b**5/60 + b**4/12 + 5*b**3/6 + b**2 - 3*b. Let z(n) be the first derivative of l(n). Give z(5).
-10
Let q(s) = -s**3 + 3*s**2 + 4*s + 4. Let v be q(4). Let i = -6 + v. Let h = 3 + i. Let f(t) = -t + 1. Give f(h).
0
Let g be -3 - (16/4 + 0). Let o(l) = l**3 + 7*l**2 - l. Give o(g).
7
Let b(s) = 0 + 4 + 2 + 0*s + s. Suppose -8*t = -6*t + 10. Give b(t).
1
Let d(n) = 5*n + 1. Suppose -4*b = -5*o + 31, -3 = -3*o + 3*b + 18. Suppose 4*q + 0*r + 2 = -o*r, 0 = -3*q + 5*r + 13. What is d(q)?
6
Suppose 4*u - 7 = -3*u. Let n(t) = 3 - 1 + t - 6. Let m(q) = 2*q - 7. Let j(p) = -3*m(p) + 5*n(p). What is j(u)?
0
Let f(w) = 7*w + 6*w + w**2 - 8*w + 1. Let t(n) = n + 1. Let c(k) = -9*k - 5. Let b(y) = -c(y) - 4*t(y). Let a be b(-1). What is f(a)?
-3
Let y(v) = v**3 + 6*v**2 + 6*v - 2. Suppose -4*f = -5*f - 5. What is y(f)?
-7
Let o(q) = -q**3 - 3*q**2 + 1. Suppose -5*f + 22 = a, -3*a - f + 0 - 4 = 0. Determine o(a).
1
Let r(h) = 4*h - 3. Let i(b) = -b**2 + 39. Let l be i(6). Give r(l).
9
Let g(c) = -c**3 - 2*c**2 + 2*c + 1. Let z = -33 - -30. Calculate g(z).
4
Let q(m) be the third derivative of m**5/60 - m**4/4 - 2*m**3/3 + 30*m**2. Determine q(5).
-9
Suppose 0 = 4*p - 0*p + 12. Let m(q) = -2*q**2 + q + 1. What is m(p)?
-20
Let b(h) = 3 - h**2 + 2*h**2 - 5*h - 7 - 2. What is b(5)?
-6
Suppose -4*s + 4*h = -4, 4*s + 0*h = -5*h - 5. Let x(f) be the second derivative of -1/4*f**4 + 1/20*f**5 + s - f + 1/2*f**3 + 0*f**2. Give x(2).
2
Let r(g) = -g**3 - g**2 + g - 8. Let i be (5 - 3) + 2 + 0. Suppose -8*k = -i*k. Give r(k).
-8
Let x(j) be the third derivative of -3/2*j**3 + 0 + 3*j**2 + 1/24*j**4 + 0*j. What is x(4)?
-5
Let j(v) = -5*v - 2. Let h(m) = 5*m + 3. Let p(o) = 3*h(o) + 4*j(o). Let r(x) = x + 1. Let y(i) = p(i) - 2*r(i). Determine y(-1).
6
Let t(j) = -j**3 - 2*j**2 + j - 3. Let p be t(-3). Let d(o) = 2*o - 5 - p + 3. Determine d(4).
3
Let o be ((-7 + 6)*1)/(2/(-4)). Let w(a) be the third derivative of -a**o + 0 + 0*a**4 + 1/60*a**5 + 4/3*a**3 + 0*a. Give w(0).
8
Let s(t) = 4*t**2 + 4*t - 3. Let a(d) = -d**2 - d + 1. Let b(z) = -5*a(z) - s(z). Give b(3).
10
Let k(m) = -m + 2. Let l(d) be the second derivative of d**5/20 + d**4/12 - d**3/6 + 3*d**2/2 - 3*d. Let g be l(0). Give k(g).
-1
Let d(y) = -y**2 + 2*y + 2. Suppose 6*w - 4*w + 6 = 0. Let m be w/5*(6 - 11). Give d(m).
-1
Let f(y) = -99*y**2 + 5*y + 7 + 100*y**2 + 0*y. Determine f(-5).
7
Let r(o) = 3*o - 1 - 1397*o**2 - o + 1395*o**2 - 8*o**3. What is r(1)?
-9
Let z(l) = l**2 + l - 3. Let b(y) = 1. Let w(r) = 3*b(r) + z(r). What is w(3)?
12
Let v(l) = 8 + 5 - 2*l - 11. Determine v(6).
-10
Let y(n) be the first derivative of -n**2/2 + 7*n + 31. Give y(6).
1
Let i(t) = -4*t. Suppose 3*k + 5*n = -13, 4*n - 6 + 2 = 0. Let d be (4/6)/(k/(-9)). What is i(d)?
-4
Let t = 4 - 2. Let h(k) = -1 + 4*k + 0*k**t - k**2 + 1 + 5. What is h(5)?
0
Suppose 0 = 3*w + 2*w - 20. Suppose -3*a + 2*j = 2*